 Let m be s(h). Suppose m = 25*o - 21*o - 40. What is the units digit of o?
0
Let i(h) = 9*h**2 + 2*h + 17. Let o(c) = -2*c**2 + 22*c - 40. Let p be o(2). What is the tens digit of i(p)?
5
What is the thousands digit of (-573)/(39/(-4810)*5)?
4
Let n be (112/(-196))/((-4)/1442). Suppose 4*p = -2*y - 126, 8*y = 3*y - 2*p - 347. Let r = y + n. What is the units digit of r?
5
Let u(x) = 4652*x - 1763. What is the units digit of u(7)?
1
Let f be (-33)/(-55)*65/1. Suppose -49 - 275 = 18*d. Let p = f + d. What is the tens digit of p?
2
Suppose -2*n + 4*n - 14 = 0. Suppose -10*a + 24 = -n*a. What is the units digit of (-12)/a*-9*6?
1
Let f(o) = 10*o**3 + 6*o**2 - o + 1. Let a be f(5). Suppose -4*s + p + 385 + 1604 = 0, -5*p = 3*s - 1463. Suppose s - a = -6*m. What is the tens digit of m?
5
Let m(y) = 2*y**2 - 8*y - 19. Suppose 2*s = 4*q - 30, 3*q - 7 = -5*s + 35. Let z be m(q). Suppose 24*h - 25*h = -z. What is the units digit of h?
1
Suppose -11*c + 3*c = -1824. Suppose 26*q = 24*q + c. What is the units digit of q + (5 - 0 - 7)?
2
Suppose -2*s = 4*v - 12587 - 19093, s - 15838 = -v. What is the units digit of s?
6
Suppose 76*a + 1600 = 80*a. Let b = a + -396. What is the units digit of b?
4
Let q = 1 - -4. Suppose 0 = 3*z - q*r + 15, 4*r = 9 + 3. Suppose 3*b + 2*b - 360 = z. What is the tens digit of b?
7
Suppose -l - v = 2*l - 480, 4*l = -2*v + 640. Let s = -72 + l. Suppose -389 = -4*q + 3*m, 2*q - s = 5*m + 103. What is the tens digit of q?
9
Let y = 4076 - -2592. What is the tens digit of y?
6
Suppose 56*x - 2357530 = 11*x - 434095. What is the hundreds digit of x?
7
Suppose -28*a + 37*a = 36. Suppose 2*u + a*t - 609 = -t, 4*t + 285 = u. What is the units digit of u?
7
Suppose -3*z - z = 36. Let h(o) be the third derivative of o**6/120 + 3*o**5/20 + 5*o**4/24 + 28*o**3/3 - 256*o**2 + 3. What is the units digit of h(z)?
1
Let h(z) = -z**2 + 20*z - 52. Let c be h(17). Let t be ((-9)/(-6) + c)/(8/96). Suppose d - 82 = t*g - 9*g, -3*g + 92 = -d. What is the tens digit of g?
2
Let t(r) = -3062*r + 33. Let m(h) = -612*h + 7. Let c(p) = 11*m(p) - 2*t(p). What is the hundreds digit of c(-1)?
6
Suppose 10 - 4 = 3*l. Suppose l*o - 3*y = -11, 21 = 3*o - 0*y + 3*y. Suppose 0 = -o*s + 3*i + 303, -4*s + 8*i - 3*i + 611 = 0. What is the hundreds digit of s?
1
Let j(k) = 5*k**3 + 0*k**2 + 12*k + k**2 + 8 - 11. Let v(m) = 9*m**3 + 2*m**2 + 24*m - 7. Let r(h) = 11*j(h) - 6*v(h). What is the units digit of r(4)?
9
Suppose -10*s - 104*s = -1024860. What is the units digit of s?
0
Let j(q) = -152*q - 356. What is the units digit of j(-4)?
2
Let m(i) = -i + 4. Let a be m(20). Let f(w) = -7*w - 48. Let r be f(a). Suppose r + 105 = g. What is the hundreds digit of g?
1
Suppose 0*m = 4*m + 3*q + 12, -5*m - 3*q - 12 = 0. Suppose m = 2*f - 5 + 1. Suppose -5*t + 168 = 3*n - 289, -749 = -5*n - f*t. What is the tens digit of n?
4
Suppose -4*j - 4 = 5*r, 2*j + 5*r = -2 - 0. Let a be (j - 0 - -4) + 92. Suppose -2*m + 4*u + 196 = 0, 0*m = -m + u + a. What is the units digit of m?
2
Let h = 14177 - 7198. What is the hundreds digit of h?
9
Let t = -151 - -133. Let f = t - -93. Suppose 0 = -f*k + 74*k + 10. What is the units digit of k?
0
What is the hundreds digit of (24/(-44))/3*-227777*3/6?
7
Suppose 130*l - 20328 = 88*l. Let r be 2/(-7) - (-7400)/28. Let t = l - r. What is the hundreds digit of t?
2
Suppose -2265961 = -83*z - 96*z. What is the ten thousands digit of z?
1
Suppose -3*s = -7*s + 12, x - 2*s + 1620 = 0. What is the hundreds digit of x/8*((-112)/7)/4?
8
Suppose -8284 = 9*a - 13*a. Let g = a - 1327. What is the tens digit of g?
4
Suppose 46109 = 36*l + 13*l. What is the hundreds digit of l?
9
Suppose 22*b - 31*b - 95*b + 3613688 = 0. What is the ten thousands digit of b?
3
Let u(r) = -244*r - 75 + 440*r - 227*r. What is the units digit of u(-15)?
0
Suppose 24 = 4*s - 16. Suppose -s*a + 14801 = 2421. What is the hundreds digit of a?
2
Let g = -22864 + 53159. What is the units digit of g?
5
Let v(h) = -426*h - 267. What is the thousands digit of v(-16)?
6
Let r = -30 + 10. What is the tens digit of 84/r + 4 + 5524/20?
7
Let l(g) = g**3 + 3*g**2 - 23*g + 12. Let d(t) = 5*t**2 - 41*t + 2. Let k be d(8). What is the tens digit of l(k)?
4
Let l(z) = 9 + 10616*z**2 + 5*z**3 - 3*z - 10613*z**2 - 4. Let g = -6 + 8. What is the units digit of l(g)?
1
Suppose -3*i - 2*h + 32477 = 0, -4*i + 33587 + 9715 = 3*h. What is the thousands digit of i?
0
Suppose 2*p - 4 = 3*p. What is the hundreds digit of 2/p*1452/(-6)?
1
Let q = -12607 + 45541. What is the thousands digit of q?
2
Let h(r) be the third derivative of 17*r**5/15 + 5*r**4/24 - 5*r**3/3 - 75*r**2. What is the units digit of h(3)?
7
Let r(y) be the first derivative of -y**4/4 + y**3/3 - y**2/2 + 134*y - 2. Let i(o) = -o**2 - 5*o + 84. Let b be i(7). What is the hundreds digit of r(b)?
1
Let l(p) = 264*p + 7783. What is the ten thousands digit of l(97)?
3
Let b(p) = 3*p + 14. Let w be b(-3). Suppose -5*g - u = -3133, -5*g + 7*g - w*u - 1264 = 0. What is the units digit of g?
7
Let s(y) = y**2 + 6*y + 1. Let b be s(-5). Let v(u) be the first derivative of -6*u**2 - 15*u - 139. What is the tens digit of v(b)?
3
Suppose 5*s = -30*s + 70. Let p be -2*(0 + 1) + 4. Suppose -756 = -s*o - p*o. What is the hundreds digit of o?
1
What is the ten thousands digit of -46361*((-60)/(-90))/((-2)/3)?
4
Let j = -625 + 3562. What is the thousands digit of j?
2
Let p(w) = 1539*w**2 + 15*w - 12. Suppose 39*v - 9 = 30*v. What is the thousands digit of p(v)?
1
Let c(t) = t**2 + 6*t + 2. Let z be c(-5). Let s(n) = 3*n - 28 - 7*n + 9 - 12*n - n. What is the tens digit of s(z)?
3
Suppose -159227 = 55*b - 4174887. What is the units digit of b?
2
Let g = -72 + 78. Let o be 40/12 - g/9*-1. Suppose -5*x - o*x + 153 = 0. What is the units digit of x?
7
Let m = -1994 - -11158. What is the thousands digit of m?
9
Let q = 1597 - -11165. What is the thousands digit of q?
2
Let r = -29783 - -68132. What is the ten thousands digit of r?
3
Let h = 794 - 519. What is the tens digit of h?
7
Let w = 40779 + -10642. What is the hundreds digit of w?
1
Suppose -2*x - 5*n = -n - 58976, -5*x + 5*n + 147455 = 0. What is the hundreds digit of x?
4
Let a = 13080 - -32574. What is the tens digit of a?
5
Let a(r) = -16*r. Let c be a(-1). Let z(d) = -154*d - 3540. Let j be z(-23). What is the tens digit of ((-43)/(-2))/(j/c)?
7
Let t = 25780 + -8622. What is the ten thousands digit of t?
1
Let f = -24114 + 36955. What is the ten thousands digit of f?
1
Suppose 2*c + 0*t - 4 = 4*t, 0 = 2*c + t + 16. Let u be (8/c - -1)/(2/30). What is the tens digit of (u + 4)*(-2 - 197)?
9
Suppose 5*b - 2*c + 29 = 0, -2*b - 9*c - 4 = -6*c. Let i(q) = -2*q**2 + 0*q**2 + 12 + q**2 - 8*q. What is the units digit of i(b)?
7
Let y = -5753 - -13043. Suppose 806*o - y = 800*o. What is the thousands digit of o?
1
Let k(b) = 4325*b + 1039. What is the thousands digit of k(11)?
8
Suppose -9*p = -2*p - 14. Suppose p*n = 5*n - 918. What is the units digit of n?
6
Let o(p) = 4*p**3 + 4*p**2 + 20*p - 76. What is the units digit of o(11)?
2
Let d(n) = 93*n**2 - n + 0*n + 31*n**2. Let t(y) = -y**3 + 36*y**2 + 36*y + 36. Let f be t(37). What is the hundreds digit of d(f)?
1
Let r be (6/4)/(15/(-40)). Let j be -2 - r/4 - -4. Suppose -59 = -j*c + 148. What is the units digit of c?
9
Let l(n) = 15028*n + 1341. What is the units digit of l(2)?
7
Let x(s) = 295*s - 6. Let b be x(2). What is the tens digit of (-28 - -6)/((-16)/b)?
0
Suppose -2*r = -4*r + 10, 5 = 5*h - 5*r. Suppose h*i - i - 1196 = z, -5*z = -4*i + 961. What is the units digit of i?
9
Suppose -3449010 = -39*m - 636096. What is the units digit of m?
6
Let x = -28 + 43. Let v be 6/(-9) - (-70)/x. Suppose v*f - 850 = q, 4 + 2 = -3*q. What is the hundreds digit of f?
2
Let f be ((-24)/20)/(21/2240). Suppose -3*d + 233 = -2*d. Let v = d + f. What is the hundreds digit of v?
1
Let v = 320 + 7. What is the units digit of (28/3)/7*(v - 0)?
6
Let k be -6*(-3)/6*174/18. Let u(s) = -s**3 + 28*s**2 + 41*s + 9. What is the units digit of u(k)?
7
Let i(g) = 28*g**2 + 4*g + 142. What is the hundreds digit of i(-12)?
1
Let l(z) = 15*z**3 + 53*z**2 - 460*z + 31. What is the hundreds digit of l(9)?
1
Let g(v) = 2360*v**2. Let h be g(1). Suppose h = -7*d + 3*d. W